+ 1819. What is n(259)?
6
Let v(c) = 273*c - 1907. Determine v(7).
4
Let s(h) = -410*h - 136933. Calculate s(-334).
7
Let n(f) = 847*f - 29647. What is n(35)?
-2
Let a(p) = -3*p**2 - 131*p - 635. Calculate a(-38).
11
Let o(i) = -2*i**3 + 47*i**2 - 251*i - 206. Determine o(14).
4
Let x(l) = 78*l - 374. Calculate x(5).
16
Let x(m) = -2*m**3 - 23*m**2 + 24*m + 24. Determine x(-12).
-120
Let y(s) = 861*s - 6924. Give y(8).
-36
Let p(m) = 29*m - 1145. What is p(40)?
15
Let h(t) = t**3 - 17*t**2 - 129*t + 2305. What is h(16)?
-15
Let k(p) = 3*p**3 + 112*p**2 - 71*p + 141. Determine k(-38).
-49
Let d(c) = -745*c - 1165. Calculate d(-2).
325
Let p(v) = v**3 - 39*v**2 + 41*v - 135. Calculate p(38).
-21
Let u(v) = -v**2 - 56*v + 661. Calculate u(-66).
1
Let d(k) = 23101*k - 69299. What is d(3)?
4
Let z(t) = t**3 - 3*t**2 + 3*t - 383. Calculate z(0).
-383
Let s(f) = -17*f**2 + 213*f + 315. What is s(14)?
-35
Let j(q) = -q**3 + 15*q**2 - 13*q + 38. Determine j(14).
52
Let o(u) = 169*u + 1186. What is o(-7)?
3
Let u(n) = 2*n**2 - 71*n + 605. What is u(18)?
-25
Let z(d) = 2*d**3 + 7*d**2 - 8*d + 8. Give z(-4).
24
Let f(r) = -57*r - 1809. Give f(-32).
15
Let z(x) = -3*x**2 - 441*x - 8850. Give z(-123).
6
Let w(g) = 2*g**2 + 41*g + 17. Determine w(-20).
-3
Let x(i) = -3*i**3 + 19*i**2 + 23*i - 59. Determine x(7).
4
Let c(f) = 335*f + 20772. Give c(-62).
2
Let i(z) = -3*z**3 - 32*z**2 - 25*z - 17. What is i(-10)?
33
Let h(k) = -42*k - 664. Determine h(-16).
8
Let a(k) = -k**2 - 124*k - 1856. Give a(-107).
-37
Let f(o) = 21*o**2 - 268*o - 66. What is f(13)?
-1
Let g(c) = -2*c**2 - c + 113. What is g(19)?
-628
Let c(a) = -a**3 + 12*a**2 - 11*a - 146. Determine c(9).
-2
Let l(h) = -h**3 + 25*h**2 - 24*h + 38. What is l(25)?
-562
Let o(f) = -f**2 + 63*f - 850. What is o(43)?
10
Let n(h) = h**3 - 10*h**2 - h - 21. Determine n(10).
-31
Let q(s) = -113*s - 61. Calculate q(-8).
843
Let g(k) = k**2 + 152*k - 1463. Determine g(9).
-14
Let c(s) = s**3 - 80*s**2 - 412*s + 7. Give c(-5).
-58
Let r(v) = -v**3 - 36*v**2 - 283*v - 234. Give r(-10).
-4
Let s(u) = 168*u + 819. What is s(-5)?
-21
Let l(i) = 7*i**2 - 343*i - 10. Determine l(49).
-10
Let g(k) = -24*k - 21. Give g(4).
-117
Let k(m) = m**3 + 27*m**2 + 26*m + 383. Calculate k(-27).
-319
Let u(f) = 6*f - 128. What is u(19)?
-14
Let f(t) = -t**2 - 12*t - 4. What is f(-6)?
32
Let k(h) = 2*h**2 - 32*h + 222. What is k(19)?
336
Let j(h) = -3*h**3 + 37*h**2 - 104*h + 1108. Determine j(12).
4
Let d(i) = -6*i**2 - 264*i + 37. Give d(-44).
37
Let t(b) = b**3 - b**2 - 2*b - 102. What is t(6)?
66
Let i(l) = l**3 + 44*l**2 + 44*l + 1. Determine i(-43).
-42
Let j(v) = -v**3 - 7*v**2 - 37*v - 157. Calculate j(-9).
338
Let m(g) = -g**2 - 26*g + 118. What is m(-33)?
-113
Let k(g) = -g**2 - 36*g + 210. Give k(7).
-91
Let u(n) = -n**3 + 6*n**2 - 126*n + 736. What is u(6)?
-20
Let m(x) = 14*x - 672. What is m(47)?
-14
Let s(u) = 4*u**2 - 90*u + 483. Give s(6).
87
Let o(u) = u**2 + 13*u - 76. Calculate o(16).
388
Let u(f) = -1436*f + 5732. Calculate u(4).
-12
Let s(f) = -109*f - 11410. What is s(-105)?
35
Let p(v) = v**2 - 507*v + 12504. Calculate p(26).
-2
Let f(p) = -14*p**2 + 32*p. What is f(6)?
-312
Let b(d) = 11229*d - 33673. Calculate b(3).
14
Let k(y) = y**3 + y**2 + 185*y - 367. Give k(2).
15
Let u(v) = 2*v**2 - 23*v + 70. Give u(7).
7
Let b(h) = -h**2 + 18*h - 8. Determine b(5).
57
Let z(i) = 2*i**2 - 595*i + 2937. Determine z(5).
12
Let r(h) = -h**2 - 40*h + 220. Calculate r(-45).
-5
Let v(y) = -y**3 + 6*y**2 + 12*y - 10. Give v(7).
25
Let g(c) = 295*c + 579. Determine g(-2).
-11
Let q(o) = 515*o + 5144. What is q(-10)?
-6
Let v(s) = -21*s - 751. What is v(-33)?
-58
Let r(h) = -326*h - 1639. Calculate r(-5).
-9
Let i(m) = -197*m + 1769. Give i(9).
-4
Let s(h) = 40*h + 595. Calculate s(-15).
-5
Let m(r) = -r**3 + 11*r**2 + 51*r - 300. Give m(13).
25
Let f(j) = j**3 - 16*j**2 + 7*j + 158. Calculate f(18).
932
Let j(p) = -p**2 - 166*p + 1586. Give j(9).
11
Let t(x) = x**3 - 8*x**2 - 172*x + 83. Calculate t(-10).
3
Let n(l) = 37*l - 89. Determine n(9).
244
Let g(n) = -9*n**2 - 435*n - 321. Give g(-48).
-177
Let y(q) = -q**3 + 7*q**2 + 325*q - 1672. Give y(5).
3
Let q(w) = 9*w + 266. What is q(-29)?
5
Let f(s) = 6*s - 309. What is f(-32)?
-501
Let c(d) = d**3 + 30*d**2 - 20*d - 38. Calculate c(-31).
-379
Let m(s) = 4*s**2 + 32*s - 27. Determine m(-9).
9
Let b(j) = 5*j**2 - 327*j - 12. What is b(67)?
524
Let b(y) = y**3 - y**2 - 5*y - 9. What is b(4)?
19
Let d(k) = 120*k - 5. Determine d(0).
-5
Let k(z) = -16525*z - 82629. Calculate k(-5).
-4
Let g(f) = -f**3 + 61*f**2 + 142*f - 1008. Determine g(63).
0
Let i(z) = -1137*z + 20353. Determine i(18).
-113
Let i(n) = -321*n - 2102. Determine i(-5).
-497
Let w(q) = q**3 - 276*q**2 + 345*q - 19241. Give w(275).
9
Let w(n) = n**2 - 2203*n + 8801. What is w(4)?
5
Let f(t) = -t**3 - 7*t**2 - 15*t - 47. Determine f(-7).
58
Let u(n) = n**3 + 38*n**2 - 85*n - 210. What is u(-40)?
-10
Let i(c) = -c**3 + 11*c**2 - 14*c - 36. Determine i(10).
-76
Let d(h) = 127*h - 3586. Calculate d(28).
-30
Let i(y) = -4*y**2 + 102*y + 625. Determine i(31).
-57
Let n(j) = 138*j - 2992. What is n(26)?
596
Let s(r) = 2*r**2 - 222*r - 660. Determine s(-3).
24
Let g(x) = 4*x**3 + 207*x**2 - 22*x + 1592. Calculate g(-52).
32
Let x(w) = 10*w**2 + 178*w - 2845. What is x(-28)?
11
Let h(o) = -2*o**3 + 25*o**2 - 69*o + 31. Determine h(9).
-23
Let a(m) = -93*m - 8202. Give a(-87).
-111
Let q(d) = -7*d - 454. Calculate q(-64).
-6
Let y(u) = 5*u**2 - 55*u + 208. Determine y(5).
58
Let g(a) = a**2 + 69*a + 1013. What is g(-61)?
525
Let o(f) = f**3 + 11*f + 53. Calculate o(-4).
-55
Let g(x) = 13*x - 1406. Determine g(109).
11
Let u(b) = 2*b**2 - 121*b + 465. Give u(0).
465
Let z(m) = m**3 - 3*m**2 - 25*m - 40. Determine z(-5).
-115
Let k(q) = 855*q - 4113. Calculate k(5).
162
Let q(x) = 47*x**3 - 134*x**2 - 13*x - 6. What is q(3)?
18
Let g(z) = -z**3 + 17*z**2 - 70*z + 1597. What is g(18)?
13
Let a(i) = -5*i**2 - 83*i - 321. What is a(-10)?
9
Let r(v) = v**3 - 9*v**2 - 25*v - 39. Give r(12).
93
Let i(a) = 71*a + 2694. What is i(-38)?
-4
Let d(f) = -f**3 - 31*f**2 + 67*f + 60. Give d(-33).
27
Let f(m) = 4*m**3 - 60*m**2 - 7*m + 110. Calculate f(15).
5
Let f(p) = -27*p**3 - 85*p**2 + 1. Calculate f(-4).
369
Let p(d) = -2*d**2 + 274*d + 12871. Calculate p(-37).
-5
Let d(l) = l**3 - 19*l**2 - 215*l + 4. What is d(-8)?
-4
Let y(i) = -236*i - 1440. Calculate y(-7).
212
Let a(h) = -h**2 + 35*h + 174. Give a(40).
-26
Let o(q) = q**3 - 9*q**2 - 18*q + 178. Give o(9).
16
Let f(n) = 2*n**2 - 314*n + 2370. What is f(149)?
-14
Let l(a) = 6*a**3 - 90*a**2 - 2*a + 26. Calculate l(15).
-4
Let h(b) = -2*b**3 + 22*b**2 - 23*b + 5. Give h(10).
-25
Let q(g) = 3*g**3 - 36*g**2 - 16*g - 9. Give q(13).
290
Let q(n) = -8*n - 9. What is q(20)?
-169
Let f(s) = -s**2 - 18*s - 91. Give f(-8).
-11
Let r(q) = -3*q**3 + 2*q**2 + 4*q + 13. What is r(-4)?
221
Let t(q) = -q**3 + 11*q**2 - 23*q - 10. Determine t(3).
-7
Let o(g) = -12*g**2 - 142*g - 1. Determine o(-8).
367
Let c(j) = 17*j + 99. Determine c(-12).
-105
Let w(l) = 103*l - 871. Determine w(8).
-47
Let u(b) = -3*b**2 + 91*b + 2962. Determine u(50).
12
Let x(d) = -d**2 + 5*d + 14. Calculate x(17).
-190
Let n(z) = 8*z**2 + 38. Calculate n(4).
166
Let g(j) = j**2 - 32*j - 46. What is g(22)?
-266
Let c(b) = 8*b**2 + 1546*b + 7888. Determine c(-188).
-8
Let i(b) = -2*b**3 - 432*b**2 - 1303*b - 5321. Determine i(-213).
4
Let f(m) = m**3 + 29*m**2 + 13*m - 3. What is f(0)?
-3
Let q(l) = -2*l**2 + 79*l - 535. Determine q(6).
-133
Let c(k) = -27*k - 1707. Give c(-63).
-6
Let q(g) = 16408*g + 82041. Give q(-5).
1
Let d(m) = m**3 - 27*m**2 - 30*m + 27. Calculate d(28).
-29
Let r(g) = 15*g - 841. Determine r(34).
-331
Let u(z) = z**3 + 6*z**2 - 15*z - 73. Determine u(-5).
27
Let j(x) = 5*x**2 + 439*x - 515. Calculate j(-89).
19
Let j(k) = -9*k**3 + 15*k**2 + 47*k - 90. Give j(2).
-8
Let d(z) = z**3 - 19*z**2 - 32*z + 74. What is d(20)?
-166
Let s(n) = 23*n**2 - 3*n + 1. Determine s(-3).
217
Let p(c) = c**2 + 51*c + 233. Determine p(0).
233
Let h(k) = -2*k**2 - 104*k - 753. What is h(-43)?
21
Let o(h) = -17*h**2 - 112*h + 59. Determine o(-7).
10
Let z(t) = -t**3 - t**2 + 237*t - 43. What is z(-16)?
5
Let m(h